 when 1643 is divided by 12?
11
What is the remainder when 412 is divided by 38?
32
Calculate the remainder when 34 is divided by 5.
4
What is the remainder when 959 is divided by 246?
221
What is the remainder when 199 is divided by 86?
27
Calculate the remainder when 103 is divided by 34.
1
Calculate the remainder when 1367 is divided by 18.
17
What is the remainder when 87 is divided by 28?
3
Calculate the remainder when 42 is divided by 26.
16
What is the remainder when 383 is divided by 31?
11
What is the remainder when 1097 is divided by 365?
2
What is the remainder when 866 is divided by 51?
50
Calculate the remainder when 285 is divided by 29.
24
Calculate the remainder when 353 is divided by 104.
41
Calculate the remainder when 2547 is divided by 119.
48
Calculate the remainder when 235 is divided by 59.
58
Calculate the remainder when 128 is divided by 54.
20
What is the remainder when 207 is divided by 203?
4
Calculate the remainder when 191 is divided by 15.
11
What is the remainder when 639 is divided by 41?
24
Calculate the remainder when 486 is divided by 98.
94
What is the remainder when 210 is divided by 53?
51
What is the remainder when 283 is divided by 90?
13
Calculate the remainder when 831 is divided by 196.
47
What is the remainder when 753 is divided by 28?
25
What is the remainder when 113 is divided by 29?
26
What is the remainder when 91 is divided by 47?
44
What is the remainder when 699 is divided by 100?
99
What is the remainder when 122 is divided by 41?
40
What is the remainder when 767 is divided by 382?
3
What is the remainder when 2915 is divided by 9?
8
Calculate the remainder when 421 is divided by 107.
100
What is the remainder when 109 is divided by 16?
13
Calculate the remainder when 202 is divided by 62.
16
Calculate the remainder when 3790 is divided by 79.
77
What is the remainder when 783 is divided by 112?
111
What is the remainder when 602 is divided by 102?
92
What is the remainder when 65870 is divided by 16?
14
Calculate the remainder when 77 is divided by 14.
7
Calculate the remainder when 179 is divided by 3.
2
Calculate the remainder when 2627 is divided by 31.
23
What is the remainder when 221 is divided by 37?
36
What is the remainder when 630 is divided by 134?
94
What is the remainder when 13613 is divided by 16?
13
Calculate the remainder when 429 is divided by 62.
57
What is the remainder when 1494 is divided by 3?
0
What is the remainder when 214 is divided by 111?
103
What is the remainder when 160 is divided by 52?
4
What is the remainder when 63 is divided by 34?
29
What is the remainder when 7101 is divided by 34?
29
What is the remainder when 1062 is divided by 26?
22
Calculate the remainder when 1578 is divided by 524.
6
Calculate the remainder when 221 is divided by 26.
13
What is the remainder when 2139 is divided by 107?
106
What is the remainder when 1090 is divided by 84?
82
Calculate the remainder when 1078 is divided by 182.
168
What is the remainder when 531 is divided by 34?
21
What is the remainder when 842 is divided by 5?
2
What is the remainder when 357 is divided by 45?
42
Calculate the remainder when 275 is divided by 76.
47
What is the remainder when 353 is divided by 12?
5
What is the remainder when 60 is divided by 60?
0
What is the remainder when 1397 is divided by 64?
53
Calculate the remainder when 159 is divided by 8.
7
What is the remainder when 117 is divided by 32?
21
Calculate the remainder when 267 is divided by 91.
85
Calculate the remainder when 163 is divided by 45.
28
Calculate the remainder when 313 is divided by 233.
80
What is the remainder when 213 is divided by 195?
18
Calculate the remainder when 498 is divided by 143.
69
What is the remainder when 92 is divided by 10?
2
What is the remainder when 509 is divided by 211?
87
What is the remainder when 311 is divided by 15?
11
What is the remainder when 347 is divided by 180?
167
What is the remainder when 64 is divided by 7?
1
Calculate the remainder when 183 is divided by 61.
0
Calculate the remainder when 161 is divided by 28.
21
Calculate the remainder when 309 is divided by 165.
144
What is the remainder when 190 is divided by 52?
34
Calculate the remainder when 787 is divided by 3.
1
What is the remainder when 5977 is divided by 1986?
19
Calculate the remainder when 280 is divided by 141.
139
Calculate the remainder when 365 is divided by 30.
5
Calculate the remainder when 131 is divided by 4.
3
What is the remainder when 1460 is divided by 98?
88
What is the remainder when 137 is divided by 14?
11
What is the remainder when 294 is divided by 2?
0
Calculate the remainder when 137 is divided by 18.
11
Calculate the remainder when 121 is divided by 104.
17
What is the remainder when 698 is divided by 78?
74
What is the remainder when 416 is divided by 46?
2
Calculate the remainder when 521 is divided by 11.
4
What is the remainder when 353 is divided by 139?
75
Calculate the remainder when 4038 is divided by 202.
200
Calculate the remainder when 3973 is divided by 142.
139
Calculate the remainder when 333 is divided by 193.
140
What is the remainder when 879 is divided by 294?
291
What is the remainder when 125 is divided by 24?
5
Calculate the remainder when 183 is divided by 50.
33
Calculate the remainder when 199 is divided by 18.
1
Calculate the remainder when 287 is divided by 16.
15
What is the remainder when 1479 is divided by 78?
75
Calculate the remainder when 11 is divided by 10.
1
What is the remainder when 1195 is divided by 57?
55
Calculate the remainder when 73 is divided by 25.
23
Calculate the remainder when 553 is divided by 136.
9
Calculate the remainder when 215 is divided by 4.
3
Calculate the remainder when 252 is divided by 246.
6
What is the remainder when 3622 is divided by 46?
34
Calculate the remainder when 1196 is divided by 69.
23
Calculate the remainder when 215 is divided by 24.
23
What is the remainder when 329 is divided by 108?
5
What is the remainder when 112 is divided by 58?
54
What is the remainder when 1360 is divided by 13?
8
Calculate the remainder when 10 is divided by 9.
1
Calculate the remainder when 973 is divided by 16.
13
Calculate the remainder when 572 is divided by 119.
96
What is the remainder when 281 is divided by 61?
37
What is the remainder when 193 is divided by 59?
16
What is the remainder when 267 is divided by 113?
41
What is the remainder when 1246 is divided by 32?
30
Calculate the remainder when 20847 is divided by 10.
7
What is the remainder when 215 is divided by 49?
19
Calculate the remainder when 5648 is divided by 226.
224
What is the remainder when 5010 is divided by 38?
32
Calculate the remainder when 417 is divided by 83.
2
Calculate the remainder when 91 is divided by 52.
39
Calculate the remainder when 38 is divided by 30.
8
What is the remainder when 397 is divided by 222?
175
What is the remainder when 5451 is divided by 62?
57
What is the remainder when 382 is divided by 12?
10
What is the remainder when 5396 is divided by 77?
6
What is the remainder when 464 is divided by 78?
74
Calculate the remainder when 18 is divided by 15.
3
What is the remainder when 1304 is divided by 109?
105
Calculate the remainder when 1074 is divided by 354.
12
Calculate the remainder when 381 is divided by 56.
45
Calculate the remainder when 140 is divided by 49.
42
What is the remainder when 24 is divided by 15?
9
What is the remainder when 1336 is divided by 103?
100
Calculate the remainder when 8419 is divided by 108.
103
What is the remainder when 38 is divided by 21?
17
What is the remainder when 17098 is divided by 25?
23
Calculate the remainder when 73 is divided by 26.
21
What is the remainder when 188 is divided by 9?
8
Calculate the remainder when 297 is divided by 15.
12
What is the remainder when 3119 is divided by 78?
77
Calculate the remainder when 120 is divided by 31.
27
What is the remainder when 1444 is divided by 208?
196
Calculate the remainder when 50 is divided by 9.
5
Calculate the remainder when 191 is divided by 40.
31
What is the remainder when 1442 is divided by 66?
56
Calculate the remainder when 244 is divided by 5.
4
What is the remainder when 3257 is divided by 649?
12
What is the remainder when 545 is di